8910?
2, 5, 14891
What are the prime factors of 57299?
11, 5209
What are the prime factors of 1560?
2, 3, 5, 13
What are the prime factors of 1500?
2, 3, 5
What are the prime factors of 11748?
2, 3, 11, 89
List the prime factors of 16813.
17, 23, 43
What are the prime factors of 70090?
2, 5, 43, 163
What are the prime factors of 2183?
37, 59
List the prime factors of 2923.
37, 79
List the prime factors of 1636.
2, 409
List the prime factors of 37558.
2, 89, 211
What are the prime factors of 215?
5, 43
What are the prime factors of 1097?
1097
What are the prime factors of 799?
17, 47
What are the prime factors of 1036?
2, 7, 37
What are the prime factors of 1055?
5, 211
What are the prime factors of 2?
2
What are the prime factors of 2504?
2, 313
What are the prime factors of 3371?
3371
List the prime factors of 3434.
2, 17, 101
List the prime factors of 7142.
2, 3571
List the prime factors of 5080.
2, 5, 127
List the prime factors of 1940.
2, 5, 97
List the prime factors of 889.
7, 127
List the prime factors of 16875.
3, 5
What are the prime factors of 714?
2, 3, 7, 17
What are the prime factors of 5228?
2, 1307
What are the prime factors of 2050?
2, 5, 41
What are the prime factors of 15649?
15649
List the prime factors of 14596.
2, 41, 89
List the prime factors of 623.
7, 89
List the prime factors of 178.
2, 89
What are the prime factors of 27373?
31, 883
What are the prime factors of 1946?
2, 7, 139
List the prime factors of 736.
2, 23
What are the prime factors of 136673?
97, 1409
List the prime factors of 716.
2, 179
List the prime factors of 8605.
5, 1721
What are the prime factors of 4622?
2, 2311
List the prime factors of 3582.
2, 3, 199
List the prime factors of 1084.
2, 271
List the prime factors of 25600.
2, 5
What are the prime factors of 2340?
2, 3, 5, 13
What are the prime factors of 18725?
5, 7, 107
What are the prime factors of 4780?
2, 5, 239
What are the prime factors of 20470?
2, 5, 23, 89
List the prime factors of 382.
2, 191
What are the prime factors of 15581?
15581
List the prime factors of 241.
241
What are the prime factors of 10753?
10753
List the prime factors of 628.
2, 157
List the prime factors of 2081.
2081
List the prime factors of 927.
3, 103
What are the prime factors of 233?
233
List the prime factors of 414.
2, 3, 23
What are the prime factors of 14514?
2, 3, 41, 59
What are the prime factors of 2826?
2, 3, 157
What are the prime factors of 430?
2, 5, 43
List the prime factors of 93116.
2, 23279
List the prime factors of 1535.
5, 307
What are the prime factors of 11955?
3, 5, 797
List the prime factors of 566.
2, 283
List the prime factors of 1501.
19, 79
What are the prime factors of 9000?
2, 3, 5
What are the prime factors of 289?
17
List the prime factors of 8615.
5, 1723
What are the prime factors of 6?
2, 3
List the prime factors of 5062.
2, 2531
What are the prime factors of 10856?
2, 23, 59
List the prime factors of 2395.
5, 479
What are the prime factors of 2374?
2, 1187
List the prime factors of 750.
2, 3, 5
List the prime factors of 1430.
2, 5, 11, 13
List the prime factors of 27205.
5, 5441
What are the prime factors of 25545?
3, 5, 13, 131
What are the prime factors of 49079?
17, 2887
What are the prime factors of 19136?
2, 13, 23
What are the prime factors of 1538?
2, 769
What are the prime factors of 358?
2, 179
List the prime factors of 800.
2, 5
List the prime factors of 16611.
3, 7, 113
List the prime factors of 2655.
3, 5, 59
What are the prime factors of 13460?
2, 5, 673
What are the prime factors of 67430?
2, 5, 11, 613
What are the prime factors of 3966?
2, 3, 661
List the prime factors of 1319.
1319
What are the prime factors of 18639?
3, 19, 109
List the prime factors of 16113.
3, 41, 131
List the prime factors of 4815.
3, 5, 107
List the prime factors of 132564.
2, 3, 11047
List the prime factors of 7710.
2, 3, 5, 257
What are the prime factors of 2754?
2, 3, 17
List the prime factors of 69517.
7, 9931
What are the prime factors of 7558?
2, 3779
List the prime factors of 1018.
2, 509
What are the prime factors of 36507?
3, 43, 283
List the prime factors of 14036.
2, 11, 29
What are the prime factors of 17459?
13, 17, 79
List the prime factors of 16238.
2, 23, 353
What are the prime factors of 35049?
3, 7, 1669
What are the prime factors of 279?
3, 31
What are the prime factors of 41393?
11, 53, 71
List the prime factors of 638.
2, 11, 29
What are the prime factors of 15640?
2, 5, 17, 23
What are the prime factors of 4179?
3, 7, 199
List the prime factors of 374.
2, 11, 17
What are the prime factors of 84112?
2, 7, 751
What are the prime factors of 1916?
2, 479
List the prime factors of 4688.
2, 293
What are the prime factors of 639?
3, 71
List the prime factors of 859.
859
List the prime factors of 833.
7, 17
What are the prime factors of 207?
3, 23
List the prime factors of 2908.
2, 727
List the prime factors of 52062.
2, 3, 8677
What are the prime factors of 8239?
7, 11, 107
List the prime factors of 1036.
2, 7, 37
List the prime factors of 1000.
2, 5
List the prime factors of 5749.
5749
List the prime factors of 23494.
2, 17, 691
List the prime factors of 29932.
2, 7, 1069
List the prime factors of 85877.
11, 37, 211
What are the prime factors of 10249?
37, 277
What are the prime factors of 2370?
2, 3, 5, 79
What are the prime factors of 26?
2, 13
What are the prime factors of 2631?
3, 877
List the prime factors of 494.
2, 13, 19
List the prime factors of 55057.
55057
What are the prime factors of 62?
2, 31
What are the prime factors of 10227?
3, 7, 487
What are the prime factors of 1495?
5, 13, 23
List the prime factors of 30516.
2, 3, 2543
What are the prime factors of 31238?
2, 15619
What are the prime factors of 8972?
2, 2243
What are the prime factors of 11207?
7, 1601
What are the prime factors of 3553?
11, 17, 19
List the prime factors of 10754.
2, 19, 283
What are the prime factors of 10977?
3, 3659
List the prime factors of 436.
2, 109
What are the prime factors of 2473?
2473
List the prime factors of 12359.
17, 727
What are the prime factors of 9459?
3, 1051
What are the prime factors of 8300?
2, 5, 83
What are the prime factors of 2727?
3, 101
What are the prime factors of 110673?
3, 4099
List the prime factors of 30152.
2, 3769
List the prime factors of 60257.
60257
What are the prime factors of 7261?
53, 137
List the prime factors of 1197.
3, 7, 19
List the prime factors of 4053.
3, 7, 193
What are the prime factors of 15781?
43, 367
List the prime factors of 3135.
3, 5, 11, 19
What are the prime factors of 23575?
5, 23, 41
List the prime factors of 422.
2, 211
What are the prime factors of 1355?
5, 271
List the prime factors of 3832.
2, 479
List the prime factors of 135858.
2, 3, 22643
What are the prime factors of 5954?
2, 13, 229
List the prime factors of 5144.
2, 643
List the prime factors of 653.
653
What are the prime factors of 1356?
2, 3, 113
What are the prime factors of 1010?
2, 5, 101
List the prime factors of 3352.
2, 419
List the prime factors of 91386.
2, 3, 5077
What are the prime factors of 4007?
4007
What are the prime factors of 31439?
149, 211
List the prime factors of 98658.
2, 3, 7, 29
What are the prime factors of 23705?
5, 11, 431
List the prime factors of 60615.
3, 5, 449
List the prime factors of 130280.
2, 5, 3257
List the prime factors of 2701.
37, 73
List the prime factors of 342.
2, 3, 19
What are the prime factors of 16947?
3, 7, 269
What are the prime factors of 39987?
3, 1481
List the prime factors of 9626.
2, 4813
What are the prime factors of 1012?
2, 11, 23
List the prime factors of 965.
5, 193
List the prime factors of 6453.
3, 239
List the prime factors of 6254.
2, 53, 59
What are the prime factors of 319?
11, 29
What are the prime factors of 9178?
2, 13, 353
What are the prime factors of 599?
599
List the prime factors of 104.
2, 13
List the prime factors of 1520.
2, 5, 19
List the prime factors of 8478.
2, 3, 157
List the prime factors of 85.
5, 17
List the prime factors of 29123.
29123
What are the prime factors of 16444?
2, 4111
List the prime factors of 4204.
2, 1051
List the prime factors of 3767.
3767
List the prime factors of 9696.
2, 3, 101
What are the prime factors of 12758?
2, 6379
What are the prime factors of 1955